 the greatest common factor of n and 70.
10
Let q(u) = -u**2 - u + 4. Let h be q(-3). Let r be 5 - 0/(h*1). Let m be 242/6 + r/(-15). What is the greatest common factor of m and 8?
8
Suppose -5*y - 15 = -0, 2*y + 36 = 3*n. Suppose -2*x - a + 40 = 0, 4*a = -3*x + n + 50. Calculate the greatest common divisor of 8 and x.
4
Let t = 35 - 11. Suppose -5*h - 2*u + 71 = 0, t = 2*h + u - 4. Let z = 147 - 42. What is the highest common factor of z and h?
15
Let b be 24/56 + (-88)/(-7). What is the greatest common divisor of b and 52?
13
Let f(s) = -s**2 - 12*s - 18. Let b be f(-13). Let n = 97 + b. What is the greatest common divisor of n and 6?
6
Let n(a) = a + 11. Let z be n(0). Let k = z + -8. Let j be 6*((-324)/(-8))/9. Calculate the highest common divisor of k and j.
3
Suppose -2*d - 74 = -2*p + 3*d, -3*p = -d - 98. Calculate the greatest common divisor of p and 48.
16
Suppose 3*x + 2*s - 42 = 2, -5*x + 56 = -s. Calculate the greatest common divisor of x and 48.
12
Suppose 2*b - 4*n - 10 = -2*n, 0 = 3*n. Let g = 38 + -19. Let s = g - -16. What is the highest common factor of b and s?
5
Let i(u) = u**2 - 4*u + 3. Let g be i(10). Suppose m - g = 36. Let v be (-2 - -1)*11/(-1). Calculate the highest common divisor of v and m.
11
Suppose 0 = -4*f + 3*l + 111, -5*f - 13 = 2*l - 123. Suppose -5*a + 4*m = -3*a - 120, 4*a + 5*m = 240. What is the highest common factor of f and a?
12
Suppose 0 = -4*o + 2*p + 278, 8*o - 4*p - 349 = 3*o. What is the highest common factor of o and 46?
23
Let h(q) = q**2 - 3*q + 3. Let d be h(2). Let b be (-14)/(-8)*d*-28. Let f = -19 - b. What is the highest common factor of f and 10?
10
Let l = -448 + 264. Let a be l/(-2) - (1 - 1). Let b = -65 + a. Calculate the greatest common factor of 9 and b.
9
Let t be (-746)/(-3) + 24/(-36). What is the highest common divisor of 31 and t?
31
Suppose -2*p + 14 = 4*c - 2, 3*c - 12 = -5*p. Calculate the greatest common divisor of c and 16.
4
Suppose 0 = 2*b + 4*h - 5*h - 86, -h - 212 = -5*b. Suppose d - 4*d + 12 = 0. Let o be ((-18)/(-2))/3 + d. What is the highest common factor of o and b?
7
Suppose -2*i = -8*i + 12. What is the greatest common divisor of 3 and i?
1
Suppose s - 18 = 4*i, 3*s + 2*i - 22 = -2*i. What is the highest common factor of 15 and s?
5
Suppose 5*j = 2*n - n - 3, -4*n = j - 12. Let f be n*14*(-1)/3. Let k = f + 34. What is the greatest common divisor of k and 4?
4
Let d(r) = r**2 + 18*r + 30. Let x be d(-21). What is the highest common divisor of 62 and x?
31
Let m be 1/(6/8) + 242/66. Let l = 2 + -1. Calculate the highest common factor of l and m.
1
Let f(a) = -a**2 - 7*a. Let k be f(-6). Let p(g) = 0*g**2 - 3*g + 3*g + 6*g**2. Let l be p(1). Calculate the highest common divisor of l and k.
6
Let t be ((-10)/4)/(3/(-114)). What is the highest common divisor of t and 38?
19
Suppose -5*n + 170 - 115 = 0. Calculate the greatest common divisor of n and 33.
11
Suppose 2*b = -6, -4*b = -3*i - 6*b + 66. Calculate the highest common divisor of i and 8.
8
Suppose 3*z - 6*z - 51 = -3*c, c = -5*z + 41. Calculate the greatest common factor of c and 3.
3
Let u = 3 + -3. Suppose -4*c + 3*c + 16 = u. Suppose 4*t - 8*t = -c. Calculate the greatest common divisor of t and 32.
4
Suppose -5 = -r + 6. Let j = -12 - -12. Suppose -4*x + 3*x + 1 = j. What is the highest common factor of r and x?
1
Let l = -19 + 28. Let i(n) = 16*n**2 + n + 1. Suppose 3*b - 1 + 7 = 0. Let u be i(b). Calculate the highest common divisor of l and u.
9
Let q be ((-3*4)/2)/(-1). Suppose -2*s + 3*l + 17 = -q, -6 = -2*l. What is the greatest common divisor of s and 32?
16
Let v be (-18)/(2*(-2)/2). Let z be 2 + (-3)/(v/(-192)). Let j be (-24)/(-30)*(-30)/(-4). What is the greatest common divisor of j and z?
6
Let s be -6 - (-1)/(-2)*-2. Let c(v) = -4*v. Let z be c(s). Let l(n) = -10*n. Let m be l(-3). Calculate the highest common factor of z and m.
10
Let s be 0/(1*(1 - 0)). Suppose s = 2*z - 7*z + 325. Suppose -3*b + 36 = -3. What is the highest common factor of b and z?
13
Suppose 0 = 5*m + 4*k - 108, m - 5*k - 10 = -0*k. Let a(h) = h + 8. Let b be a(0). What is the highest common factor of m and b?
4
Let i = 187 - 43. What is the greatest common factor of i and 16?
16
Let b(o) = 0 + 0 + 3*o. Let g be b(3). Let x = 85 + -49. Calculate the highest common factor of g and x.
9
Suppose 2 = -2*j - 4. Let w(p) be the second derivative of -11*p**3/6 + p. Let g be w(j). Calculate the highest common factor of g and 11.
11
Suppose -s + 5 = -0. Suppose 3*y - 15 = 0, -r - r = -3*y + 25. Let c = 10 + r. Calculate the greatest common factor of c and s.
5
Let p be (145/10)/(2/4). Calculate the highest common factor of p and 319.
29
Let i(u) = u**3 - 9*u**2 - 10*u + 10. Let p be i(10). Calculate the greatest common divisor of 110 and p.
10
Suppose -48 = -3*k + 18. Calculate the highest common factor of 11 and k.
11
Let l(v) = -v**2 + 4*v + 1. Let y be l(3). Let f(k) = k**2 + 2*k - 7. Let r be f(-4). Let w = y - r. What is the greatest common divisor of w and 21?
3
Let v(i) = i**2 - i - 10. Let b be v(0). Let r = b + 14. Suppose 5*k - 5*s + 7*s = 194, 0 = -r*s - 12. What is the highest common divisor of 8 and k?
8
Let r(u) = u**2 - 2*u - 2. Let v be r(4). Let s = 7 - v. Suppose 0 = -6*x + 3*x + 3. What is the greatest common factor of x and s?
1
Suppose 0 = v - 3*v + 128. Suppose 4*a = -2*d + v, -5*d - 3*a = -4*a - 149. Let g be -1 - (-1 - 20*1). Calculate the greatest common divisor of g and d.
10
Suppose 3*g = -2*g, -3*g + 6 = -3*f. Let v = 7 + f. What is the highest common divisor of 5 and v?
5
Let o(k) = -k - 2. Let r be o(-4). Suppose -2*t + 3*t = r. Calculate the greatest common divisor of 22 and t.
2
Let x = 6 - -1. Let w(r) = r**2 - 3*r - 6. Let h be w(x). Suppose -j = 5*i + 2*j - 330, 0 = -2*j. What is the greatest common divisor of h and i?
22
Let g be (-2)/3*3*-2. Let m(d) = 4*d**3 + 5*d - 5*d**2 - 8*d**3 + 5*d**3 - 1. Let p be m(g). Calculate the greatest common divisor of p and 9.
3
Let s(z) = -z**2 + 4. Let p be s(0). Suppose -2*a - 3*x + 29 = 0, p + 21 = -5*x. Calculate the greatest common factor of a and 110.
22
Let i = -178 - -5. Let t = -101 - i. What is the highest common factor of 8 and t?
8
Let s(q) = -q**3 - 4*q**2 - q - 1. Let d = 3 + -6. Let o be s(d). Let g be 1/(-2) - o/2. Calculate the highest common factor of 33 and g.
3
Let x be ((-3)/(-9))/(1/12). Suppose -x*g - 40 = -5*f, g + 11 = -5*f + 26. Suppose -j - f*j = -350. What is the greatest common divisor of 14 and j?
14
Suppose 0 = -p - 2*d, 7*p - 5*d - 39 = 3*p. Calculate the highest common factor of p and 6.
6
Suppose 2*p + 2*p = 0. Suppose 0 = -4*y - p*y - 344. Let d = -46 - y. Calculate the greatest common divisor of 10 and d.
10
Let b = 0 + 96. Suppose 25*w = 28*w - 36. Calculate the highest common factor of b and w.
12
Let i(j) = 2*j - 17. Suppose -4*p - 4*l + 7 = -49, 3*l + 49 = 4*p. Let y be i(p). What is the highest common divisor of 36 and y?
9
Let c(m) = -m + 3. Let x(s) = -s + 4. Let u(f) = -4*c(f) + 3*x(f). Let p be u(3). Suppose -p*i + 8 = -13. What is the highest common factor of i and 49?
7
Suppose y - 76 = 5*y. Let w = -9 - y. Calculate the highest common divisor of 10 and w.
10
Suppose 0 = 2*v - 2*f - 16, v + 3*f + 8 = 24. Let t be v/(2/3*1). Suppose -l + 3 = -t. Calculate the highest common divisor of 18 and l.
18
Suppose 347 = 3*p - 247. Calculate the highest common divisor of p and 18.
18
Suppose -p - 4*p + 5*q + 155 = 0, 4*q - 44 = -2*p. What is the highest common divisor of 280 and p?
28
Let f(z) = 4*z**2 - 9*z + 10. Let k be f(5). Calculate the highest common factor of k and 26.
13
Let k(o) = 3*o**2 + o - 2. Let d be k(-3). Let a = 130 - d. Let y be (-2)/(-7) - 82/(-7). What is the highest common divisor of a and y?
12
Let k be (-3)/(0 - 6/4). Suppose -14 = -k*a + a. Calculate the greatest common divisor of a and 112.
14
Let z(w) = w**3 - w**2 + 111. Let t be z(0). Calculate the greatest common factor of t and 74.
37
Let g(h) = h**2 - 12*h + 2. Let r be g(12). Calculate the greatest common divisor of r and 4.
2
Let l be 122/4 + (-3)/6. Suppose -16 = 3*n - n + d, 3*d + l = -3*n. Let v be (-4)/n + (-28)/(-3). What is the highest common factor of 80 and v?
10
Let k be 2*1*(-30)/(-4). Let w = 480 + -75. Suppose -f + w = 2*